re the prime factors of d?
8831
Let p be ((-2 + 5)*-31)/(15/(-20)). Let j = 128 - p. Suppose t - d = 5*t - 675, d = j*t - 677. List the prime factors of t.
13
Suppose 44*c - 174720 = -31*c - 37*c. What are the prime factors of c?
2, 3, 5, 13
Let m(r) = 9*r - 12. Let z be m(2). Suppose 27*u - z = 30*u. Let p(k) = -21*k - 9. List the prime factors of p(u).
3, 11
Let g = 112 + 31. Let w = -80 + g. Let k = w - 42. What are the prime factors of k?
3, 7
Suppose -3*b + b = -198. Let u = b + -200. Let s = 187 + u. List the prime factors of s.
2, 43
Let v = 856 - 607. Suppose 8 + 24 = 5*m - 4*h, -5*m + 3*h = -29. Suppose m*t - 5*q = -t + 415, -3*t = 3*q - v. List the prime factors of t.
83
Suppose -3*r - 5*b + 496 = 0, -r = 2*b - 149 - 18. Let i = 92 + r. List the prime factors of i.
3, 83
Let w be (-522 - -3) + 7 + -2. Let t = 1206 + w. What are the prime factors of t?
2, 173
Let g be (-2)/(80/(-10)) + 172/16. Let h = 51 + -35. Suppose h*i = g*i + 620. What are the prime factors of i?
2, 31
Let g be 3 - (9 - 13) - 7. Suppose 5*n - 25 = -g, 0 = 2*q + 4*n - 1592. What are the prime factors of q?
2, 3, 131
Suppose 35*s = 4*s + 11253. Let n = s + 258. List the prime factors of n.
3, 23
Let q(a) = 6*a**3 - 3*a**2 + 4*a + 1. Let b be q(2). Suppose -16*k + b*k = 6786. What are the prime factors of k?
2, 3, 13
Let b = 141303 - 76153. What are the prime factors of b?
2, 5, 1303
Let w(g) = -3*g + 2 + 15 + 5 + 2. Let u be w(12). What are the prime factors of u/(-16)*-3*-32?
2, 3
Let x = -56 - -59. Suppose 0 = -x*f + 231 - 33. Suppose -t + f = 3*y - 8*y, -3*t - 2*y = -147. What are the prime factors of t?
3, 17
Let k(g) = -6*g - 143. Let d be k(-25). Suppose d*u = 2*u + 20, 3*u + 1408 = 2*i. What are the prime factors of i?
2, 5, 71
Let x be 0 - ((-12)/18)/((-2)/(-9)). Let z be x - (-341 + (-7 - -4)). Let u = z + -243. What are the prime factors of u?
2, 13
Suppose 5*t = 30 + 20. Let a = -7 + t. Suppose -b = a*s - 0*s - 274, 2*b = 4*s - 362. List the prime factors of s.
7, 13
Let m = 183 - 22. What are the prime factors of ((1 - -2) + -6)*m/(-21)?
23
Suppose -7*d = 19 - 47. Suppose -5*i - d*w + 171 = 0, -3*i - 2*w + 30 + 71 = 0. Suppose v = -4*c + 48 + i, 5*v - 15 = 0. What are the prime factors of c?
19
Let l(w) = 1803*w - 304. List the prime factors of l(2).
2, 13, 127
Let d(n) = 6*n**2 + 88*n - 4219. What are the prime factors of d(110)?
251, 311
Let t be -3*(-1 + (-4)/(-12)). Suppose -668 = -4*s - 2*l, 4*l + 0*l = t*s - 314. Suppose 0 = -5*z + 195 + s. List the prime factors of z.
2, 3
Suppose -15*f = -5 - 40. List the prime factors of 9/((27/1992)/f).
2, 3, 83
Suppose -2*n - 1447 = 949. Let f = -658 - n. Suppose -9*s = 18 - f. What are the prime factors of s?
2, 29
Let g(y) = -y**2 + 5*y + 15. Let p be g(7). What are the prime factors of (15/(-9))/p - (-2609)/3?
2, 7, 31
Let o be (4 + 0 - -20)*17. Suppose 0 = 16*i - 15*i - o. Suppose -i = -0*u - 4*u. List the prime factors of u.
2, 3, 17
Let n(q) = 198*q - 44. Let d(o) = -o. Let r(p) = -110*d(p) + n(p). List the prime factors of r(2).
2, 11, 13
Suppose -30 = -15*v - 0. Suppose -18 = -2*g + v. List the prime factors of g.
2, 5
Let k be (-662)/14 + -1 + (-16)/(-56). Let m = 167 - k. What are the prime factors of m?
5, 43
Let g = 59 - 61. Let j be (558/3)/(2/g) - -3. Let n = j - -305. List the prime factors of n.
2, 61
Let b be (-6)/5*15/(-3). Let t(c) = 8*c**2 - 4*c + 15. Let p be t(b). Let x = 391 - p. List the prime factors of x.
2, 7
Let l(x) = 7*x**2 + 3*x + 7. Let r be l(5). Suppose 202*a - 1785 = 187*a. Let j = r - a. List the prime factors of j.
2, 3, 13
Let o(a) = 73*a + 1. Let w be 2/6 - 222/18. Let f = w + 13. What are the prime factors of o(f)?
2, 37
Suppose 0 = 3*d + 3*f - 123459, 205744 = 133*d - 128*d + 2*f. List the prime factors of d.
2, 7, 2939
Let n be ((-25080)/550)/(2/(-10)). Let v be ((-4)/(-6))/((-2)/(-327)). Let p = n - v. What are the prime factors of p?
7, 17
Let w(r) be the second derivative of 5/6*r**4 - 11/6*r**3 - 1/20*r**5 + 3*r + 0 + r**2. What are the prime factors of w(8)?
2, 3, 7
Let b(h) be the first derivative of -1/3*h**3 + 147/4*h**4 + 11 + 1/2*h**2 + 0*h. List the prime factors of b(1).
3, 7
Suppose 3*k + 35 - 143 = 0. What are the prime factors of (k/(-16))/((-18)/6744)?
3, 281
Let k(a) = -a**2 + 12*a - 27. Let b be k(3). Suppose -151*q + 157*q - 6546 = b. List the prime factors of q.
1091
Let v be (-3)/(-9) + 8/12. Let m(x) = 394*x + 2. Let q be m(v). Suppose -5*g + 262 = 3*y, 4*y - 4*g - g - q = 0. What are the prime factors of y?
2, 47
Suppose 11 - 86 = -5*b. Let s(y) = 37*y - 43. Let t be s(b). What are the prime factors of 10/15 + t/6?
2, 43
Let t(f) = -30*f - 70. Let p be t(-9). List the prime factors of ((-30250)/p)/(-1 - (-3)/4).
5, 11
Let d(w) = -27*w**3 - 10*w - 94. What are the prime factors of d(-7)?
3, 3079
Suppose 0 = 28*v - 33*v + 335. Let w = v + -67. Suppose 2*q + 2*u - 152 = w, -u = -5*q + 430 - 68. What are the prime factors of q?
73
Let b(q) be the second derivative of -q**5/20 - 31*q**4/12 + 5*q**2/2 + 2*q + 4. List the prime factors of b(-31).
5
Suppose -12*v + 3936 + 14544 = 0. Suppose z - v = -6*z. List the prime factors of z.
2, 5, 11
Let w = 2166 + -207. Suppose -w = -2*k - 591. What are the prime factors of k?
2, 3, 19
Let c = -483 + 498. Suppose 3*s - s - 2355 = 5*m, 3*m + c = 0. What are the prime factors of s?
5, 233
Let g(v) = -v + 7. Let q be g(11). Let h be -1084*(q - 15/(-4))*1. Let y = h + -108. List the prime factors of y.
163
Let k = 13106 - -13606. What are the prime factors of k?
2, 3, 7, 53
Let b(t) = -t - 62. Let j be b(-17). List the prime factors of (-41)/((-175)/j - 4).
3, 41
Let u(x) = x**3 + 6*x**2 + 5*x + 3. Suppose -5*v - 5 = -4*v. Let j be u(v). Suppose -126 = -j*q + 138. List the prime factors of q.
2, 11
Suppose -4*r + 5*j + 56019 = 0, -2*j + 110592 = 5*r + 40560. What are the prime factors of r?
2, 47, 149
Suppose -21715 - 505125 = -20*m. What are the prime factors of m?
2, 13171
Let q be ((-24)/(-4) - 4)*(-1 + 3). Suppose 2*a = a - 2*o + 8, 2*o = -q*a + 14. List the prime factors of 1/a + (1 - 422/(-4)).
107
Let a(c) = c**3 - 9*c**2 + 16*c - 8. Let m be a(7). Suppose -5*g = -m*g + 262. List the prime factors of g.
2, 131
Let t(x) = 8*x**3 + 5 + 7*x - 7*x**3 - 8*x**2 + 0. Let w be t(7). Suppose -w*m = 4 - 389. List the prime factors of m.
7, 11
Let l(y) = -36*y - 7. Let b(a) = a. Let s(i) = 6*b(i) + l(i). Let u be s(-3). Let r = u + 24. List the prime factors of r.
107
Let s(i) = -i**2 + 8*i - 58. Let j(t) = -2*t**2 + t - 1. Let x(d) = -2*j(d) + s(d). What are the prime factors of x(8)?
2, 23
Let j(x) = x + 1. Let b(s) = 18*s**3 - s**2. Let v(u) = b(u) - 2*j(u). Let g(z) = -z**2 + 8*z - 10. Let t be g(6). List the prime factors of v(t).
2, 67
Let w(a) = 2*a**2 + 9*a + 11. Let f be (-3)/8 + 935/(-88). Let m be w(f). Let z = 13 + m. What are the prime factors of z?
167
Let f = -653 + 653. Suppose -9 = 5*x - 39. Suppose f = m + x - 94. What are the prime factors of m?
2, 11
Let s be (-317)/7 - (-4)/14. Let n = s + 13. Let k = n + 152. What are the prime factors of k?
2, 3, 5
Suppose 15 = 5*r - 0*r. Let s = 5 - r. List the prime factors of 39*(-1)/(-2)*s.
3, 13
Let a = -3690 - -11902. What are the prime factors of a?
2, 2053
Let x(h) = -h**2 - 6*h + 32. Let f be x(-9). Suppose -755 = -2*a - y + 293, 0 = -a - f*y + 506. What are the prime factors of a?
2, 263
Let s = 62825 - 32564. List the prime factors of s.
3, 7, 11, 131
Let x = -30 + 33. Suppose -8*t + 1280 = -x*t. Let l = -99 + t. What are the prime factors of l?
157
Let u be (-12)/(-9)*(18/8 - 0). Suppose w - 1839 = 2*w + 4*c, -u*c + 3722 = -2*w. List the prime factors of w/(-14) - (-1)/2.
7, 19
Let d = 48083 + -26445. What are the prime factors of d?
2, 31, 349
Let m(l) = -286*l - 136. Let u(v) = -v**2 - 11*v + 147. Let n be u(8). What are the prime factors of m(n)?
2, 647
Suppose 446 + 4104 = -5*t. Let v = t + 1482. Suppose -3*p - v = -4*m - 2*p, -p + 286 = 2*m. List the prime factors of m.
11, 13
Suppose 0 = 5*y - 47 + 52, -5*y = -2*b + 14417. List the prime factors of b.
2, 3, 1201
Suppose -6*b + 5*b + 1822 = 5*n, 2*n - b - 726 = 0. Suppose -11*j = -4*j + n. Let q = j - -62. What are the prime factors of q?
2, 5
Suppose 2220 - 105 = -15*o. Let u = 115 - o. Wha